{"version":"1.0","provider_name":"Article Marketing","provider_url":"https:\/\/www.article-marketing.eu\/comunicati","author_name":"Redazione Comunicati Stampa","author_url":"https:\/\/www.article-marketing.eu\/comunicati\/author\/redazione-comunicati-stampa\/","title":"Dolce al caff\u00e8 per le calde estati - Article Marketing","type":"rich","width":600,"height":338,"html":"<blockquote class=\"wp-embedded-content\" data-secret=\"ulI74vSn7c\"><a href=\"https:\/\/www.article-marketing.eu\/comunicati\/casa\/cucina\/semifreddo-al-caff%252525c3%252525a8\/\">Dolce al caff\u00e8 per le calde estati<\/a><\/blockquote><iframe sandbox=\"allow-scripts\" security=\"restricted\" src=\"https:\/\/www.article-marketing.eu\/comunicati\/casa\/cucina\/semifreddo-al-caff%252525c3%252525a8\/embed\/#?secret=ulI74vSn7c\" width=\"600\" height=\"338\" title=\"&#8220;Dolce al caff\u00e8 per le calde estati&#8221; &#8212; Article Marketing\" data-secret=\"ulI74vSn7c\" frameborder=\"0\" marginwidth=\"0\" marginheight=\"0\" scrolling=\"no\" class=\"wp-embedded-content\"><\/iframe><script type=\"text\/javascript\">\n\/* <![CDATA[ *\/\n\/*! This file is auto-generated *\/\n!function(d,l){\"use strict\";l.querySelector&&d.addEventListener&&\"undefined\"!=typeof URL&&(d.wp=d.wp||{},d.wp.receiveEmbedMessage||(d.wp.receiveEmbedMessage=function(e){var t=e.data;if((t||t.secret||t.message||t.value)&&!\/[^a-zA-Z0-9]\/.test(t.secret)){for(var s,r,n,a=l.querySelectorAll('iframe[data-secret=\"'+t.secret+'\"]'),o=l.querySelectorAll('blockquote[data-secret=\"'+t.secret+'\"]'),c=new RegExp(\"^https?:$\",\"i\"),i=0;i<o.length;i++)o[i].style.display=\"none\";for(i=0;i<a.length;i++)s=a[i],e.source===s.contentWindow&&(s.removeAttribute(\"style\"),\"height\"===t.message?(1e3<(r=parseInt(t.value,10))?r=1e3:~~r<200&&(r=200),s.height=r):\"link\"===t.message&&(r=new URL(s.getAttribute(\"src\")),n=new URL(t.value),c.test(n.protocol))&&n.host===r.host&&l.activeElement===s&&(d.top.location.href=t.value))}},d.addEventListener(\"message\",d.wp.receiveEmbedMessage,!1),l.addEventListener(\"DOMContentLoaded\",function(){for(var e,t,s=l.querySelectorAll(\"iframe.wp-embedded-content\"),r=0;r<s.length;r++)(t=(e=s[r]).getAttribute(\"data-secret\"))||(t=Math.random().toString(36).substring(2,12),e.src+=\"#?secret=\"+t,e.setAttribute(\"data-secret\",t)),e.contentWindow.postMessage({message:\"ready\",secret:t},\"*\")},!1)))}(window,document);\n\/\/# sourceURL=https:\/\/www.article-marketing.eu\/comunicati\/wp-includes\/js\/wp-embed.min.js\n\/* ]]> *\/\n<\/script>\n","description":"Il semifreddo al caff\u00e8 \u00e8 un delizioso e fresco dolce al cucchiaio, una valida alternativa al gelato, da gustare durante i mesi pi\u00f9 caldi. Si differenzia dal suo concorrente estivo in quanto contiene alcuni ingredienti, come la panna montata, che fanno s\u00ec che il dolce non si congeli alle temperature molto basse del congelatore e risulti quindi meno freddo del gelato, da qui il nome \u201csemifreddo\u201d."}

Dolce al caffè per le calde estati - Article Marketing

<blockquote class="wp-embedded-content" data-secret="ulI74vSn7c"><a href="https://www.article-marketing.eu/comunicati/casa/cucina/semifreddo-al-caff%252525c3%252525a8/">Dolce al caffè per le calde estati</a></blockquote><iframe sandbox="allow-scripts" security="restricted" src="https://www.article-marketing.eu/comunicati/casa/cucina/semifreddo-al-caff%252525c3%252525a8/embed/#?secret=ulI74vSn7c" width="600" height="338" title="&#8220;Dolce al caffè per le calde estati&#8221; &#8212; Article Marketing" data-secret="ulI74vSn7c" frameborder="0" marginwidth="0" marginheight="0" scrolling="no" class="wp-embedded-content"></iframe><script type="text/javascript">
/* <![CDATA[ */
/*! This file is auto-generated */
!function(d,l){"use strict";l.querySelector&&d.addEventListener&&"undefined"!=typeof URL&&(d.wp=d.wp||{},d.wp.receiveEmbedMessage||(d.wp.receiveEmbedMessage=function(e){var t=e.data;if((t||t.secret||t.message||t.value)&&!/[^a-zA-Z0-9]/.test(t.secret)){for(var s,r,n,a=l.querySelectorAll('iframe[data-secret="'+t.secret+'"]'),o=l.querySelectorAll('blockquote[data-secret="'+t.secret+'"]'),c=new RegExp("^https?:$","i"),i=0;i<o.length;i++)o[i].style.display="none";for(i=0;i<a.length;i++)s=a[i],e.source===s.contentWindow&&(s.removeAttribute("style"),"height"===t.message?(1e3<(r=parseInt(t.value,10))?r=1e3:~~r<200&&(r=200),s.height=r):"link"===t.message&&(r=new URL(s.getAttribute("src")),n=new URL(t.value),c.test(n.protocol))&&n.host===r.host&&l.activeElement===s&&(d.top.location.href=t.value))}},d.addEventListener("message",d.wp.receiveEmbedMessage,!1),l.addEventListener("DOMContentLoaded",function(){for(var e,t,s=l.querySelectorAll("iframe.wp-embedded-content"),r=0;r<s.length;r++)(t=(e=s[r]).getAttribute("data-secret"))||(t=Math.random().toString(36).substring(2,12),e.src+="#?secret="+t,e.setAttribute("data-secret",t)),e.contentWindow.postMessage({message:"ready",secret:t},"*")},!1)))}(window,document);
//# sourceURL=https://www.article-marketing.eu/comunicati/wp-includes/js/wp-embed.min.js
/* ]]> */
</script>

Il semifreddo al caffè è un delizioso e fresco dolce al cucchiaio, una valida alternativa al gelato, da gustare durante i mesi più caldi. Si differenzia dal suo concorrente estivo in quanto contiene alcuni ingredienti, come la panna montata, che fanno sì che il dolce non si congeli alle temperature molto basse del congelatore e risulti quindi meno freddo del gelato, da qui il nome “semifreddo”.
