{"id":74,"date":"2016-03-12T16:41:52","date_gmt":"2016-03-12T15:41:52","guid":{"rendered":"http:\/\/www.article-marketing.eu\/comunicatistampa\/?page_id=74"},"modified":"2020-03-24T13:31:54","modified_gmt":"2020-03-24T12:31:54","slug":"chi-siamo","status":"publish","type":"page","link":"https:\/\/www.article-marketing.eu\/comunicatistampa\/chi-siamo\/","title":{"rendered":"Chi siamo"},"content":{"rendered":"<p style=\"text-align: left;\"><a href=\"http:\/\/www.linkupeurope.eu\/home\/index.php\/chi-siamo\/\" target=\"_blank\" rel=\"noopener noreferrer\">link UP Europe!<\/a> \u00e8 una associazione culturale che si occupa di comunicazione etica su \u00a0web e propone vari progetti di informazione e promozione su benessere, medicina alternativa e volontariato.<br \/>\narticle-marketing.eu\u00a0\u00e8 una piattaforma web per la pubblicazione di comunicati stampa e press release.<br \/>\nLa registrazione al sito, cos\u00ec come la successiva pubblicazione dei comunicati, \u00e8 <u><b>gratuita<\/b><\/u>.<br \/>\n<a href=\"https:\/\/www.article-marketing.eu\/comunicatistampa\/wp-login.php?action=register\" target=\"_blank\" rel=\"noopener noreferrer\">REGISTRATI SUBITO<\/a>\u00a0 oppure se sei gi\u00e0 registrato \u00a0<a href=\"https:\/\/www.article-marketing.eu\/comunicatistampa\/wp-login.php\" target=\"_blank\" rel=\"noopener noreferrer\">LOGGATI QUI<\/a><br \/>\nSe invece vuoi contattarci puoi scriverci a <strong><em>comunicatistampa[at]linkupeurope.eu\u00a0<\/em><\/strong>\u00a0oppure puoi utilizzare il modulo seguente. Ti risponderemo il pi\u00f9 rapidamente possibile.<\/p>\n<p>Grazie<\/p>\n\n<div class=\"wpcf7 no-js\" id=\"wpcf7-f4-o1\" lang=\"it-IT\" dir=\"ltr\" data-wpcf7-id=\"4\">\n<div class=\"screen-reader-response\"><p role=\"status\" aria-live=\"polite\" aria-atomic=\"true\"><\/p> <ul><\/ul><\/div>\n<form action=\"\/comunicatistampa\/wp-json\/wp\/v2\/pages\/74#wpcf7-f4-o1\" method=\"post\" class=\"wpcf7-form init\" aria-label=\"Modulo di contatto\" novalidate=\"novalidate\" data-status=\"init\">\n<fieldset class=\"hidden-fields-container\"><input type=\"hidden\" name=\"_wpcf7\" value=\"4\" \/><input type=\"hidden\" name=\"_wpcf7_version\" value=\"6.1.5\" \/><input type=\"hidden\" name=\"_wpcf7_locale\" value=\"it_IT\" \/><input type=\"hidden\" name=\"_wpcf7_unit_tag\" value=\"wpcf7-f4-o1\" \/><input type=\"hidden\" name=\"_wpcf7_container_post\" value=\"0\" \/><input type=\"hidden\" name=\"_wpcf7_posted_data_hash\" value=\"\" \/>\n<\/fieldset>\n<p>Il tuo nome (richiesto)\n<\/p>\n<p><span class=\"wpcf7-form-control-wrap\" data-name=\"your-name\"><input size=\"40\" maxlength=\"400\" class=\"wpcf7-form-control wpcf7-text wpcf7-validates-as-required\" aria-required=\"true\" aria-invalid=\"false\" value=\"\" type=\"text\" name=\"your-name\" \/><\/span>\n<\/p>\n<p>La tua email (richiesto)\n<\/p>\n<p><span class=\"wpcf7-form-control-wrap\" data-name=\"your-email\"><input size=\"40\" maxlength=\"400\" class=\"wpcf7-form-control wpcf7-email wpcf7-validates-as-required wpcf7-text wpcf7-validates-as-email\" aria-required=\"true\" aria-invalid=\"false\" value=\"\" type=\"email\" name=\"your-email\" \/><\/span>\n<\/p>\n<p>Oggetto\n<\/p>\n<p><span class=\"wpcf7-form-control-wrap\" data-name=\"your-subject\"><input size=\"40\" maxlength=\"400\" class=\"wpcf7-form-control wpcf7-text\" aria-invalid=\"false\" value=\"\" type=\"text\" name=\"your-subject\" \/><\/span>\n<\/p>\n<p>Il tuo messaggio\n<\/p>\n<p><span class=\"wpcf7-form-control-wrap\" data-name=\"your-message\"><textarea cols=\"40\" rows=\"10\" maxlength=\"2000\" class=\"wpcf7-form-control wpcf7-textarea\" aria-invalid=\"false\" name=\"your-message\"><\/textarea><\/span>\n<\/p>\n<p><input class=\"wpcf7-form-control wpcf7-submit has-spinner\" type=\"submit\" value=\"Invia\" \/>\n<\/p><p style=\"display: none !important;\" class=\"akismet-fields-container\" data-prefix=\"_wpcf7_ak_\"><label>&#916;<textarea name=\"_wpcf7_ak_hp_textarea\" cols=\"45\" rows=\"8\" maxlength=\"100\"><\/textarea><\/label><input type=\"hidden\" id=\"ak_js_1\" name=\"_wpcf7_ak_js\" value=\"115\"\/><script>document.getElementById( \"ak_js_1\" ).setAttribute( \"value\", ( new Date() ).getTime() );<\/script><\/p><div class=\"wpcf7-response-output\" aria-hidden=\"true\"><\/div>\n<\/form>\n<\/div>\n\n","protected":false},"excerpt":{"rendered":"<p>link UP Europe! \u00e8 una associazione culturale che si occupa di comunicazione etica su \u00a0web e propone vari progetti di informazione e promozione su benessere, medicina alternativa e volontariato. article-marketing.eu\u00a0\u00e8 una piattaforma web per la pubblicazione di comunicati stampa e press release. La registrazione al sito, cos\u00ec come la successiva pubblicazione dei comunicati, \u00e8 gratuita. REGISTRATI SUBITO\u00a0 oppure se sei gi\u00e0 registrato \u00a0LOGGATI QUI Se invece vuoi contattarci puoi scriverci<\/p>\n<p><a class=\"continue-reading\" href=\"https:\/\/www.article-marketing.eu\/comunicatistampa\/chi-siamo\/\">Continue reading&#8230;<\/a><\/p>\n","protected":false},"author":1,"featured_media":0,"parent":0,"menu_order":0,"comment_status":"closed","ping_status":"closed","template":"tpl-page-sidebar.php","meta":{"_monsterinsights_skip_tracking":false,"_monsterinsights_sitenote_active":false,"_monsterinsights_sitenote_note":"","_monsterinsights_sitenote_category":0,"footnotes":""},"class_list":["post-74","page","type-page","status-publish","hentry"],"yoast_head":"<!-- This site is optimized with the Yoast SEO plugin v27.3 - https:\/\/yoast.com\/product\/yoast-seo-wordpress\/ -->\n<title>Chi siamo - Article Marketing<\/title>\n<meta name=\"robots\" content=\"index, follow, max-snippet:-1, max-image-preview:large, max-video-preview:-1\" \/>\n<link rel=\"canonical\" href=\"https:\/\/www.article-marketing.eu\/comunicatistampa\/chi-siamo\/\" \/>\n<meta property=\"og:locale\" content=\"it_IT\" \/>\n<meta property=\"og:type\" content=\"article\" \/>\n<meta property=\"og:title\" content=\"Chi siamo - Article Marketing\" \/>\n<meta property=\"og:description\" content=\"link UP Europe! \u00e8 una associazione culturale che si occupa di comunicazione etica su \u00a0web e propone vari progetti di informazione e promozione su benessere, medicina alternativa e volontariato. article-marketing.eu\u00a0\u00e8 una piattaforma web per la pubblicazione di comunicati stampa e press release. La registrazione al sito, cos\u00ec come la successiva pubblicazione dei comunicati, \u00e8 gratuita. REGISTRATI SUBITO\u00a0 oppure se sei gi\u00e0 registrato \u00a0LOGGATI QUI Se invece vuoi contattarci puoi scriverciContinue reading...\" \/>\n<meta property=\"og:url\" content=\"https:\/\/www.article-marketing.eu\/comunicatistampa\/chi-siamo\/\" \/>\n<meta property=\"og:site_name\" content=\"Article Marketing\" \/>\n<meta property=\"article:modified_time\" content=\"2020-03-24T12:31:54+00:00\" \/>\n<meta name=\"twitter:card\" content=\"summary_large_image\" \/>\n<script type=\"application\/ld+json\" class=\"yoast-schema-graph\">{\"@context\":\"https:\\\/\\\/schema.org\",\"@graph\":[{\"@type\":\"WebPage\",\"@id\":\"https:\\\/\\\/www.article-marketing.eu\\\/comunicatistampa\\\/chi-siamo\\\/\",\"url\":\"https:\\\/\\\/www.article-marketing.eu\\\/comunicatistampa\\\/chi-siamo\\\/\",\"name\":\"Chi siamo - Article Marketing\",\"isPartOf\":{\"@id\":\"https:\\\/\\\/www.article-marketing.eu\\\/comunicatistampa\\\/#website\"},\"datePublished\":\"2016-03-12T15:41:52+00:00\",\"dateModified\":\"2020-03-24T12:31:54+00:00\",\"breadcrumb\":{\"@id\":\"https:\\\/\\\/www.article-marketing.eu\\\/comunicatistampa\\\/chi-siamo\\\/#breadcrumb\"},\"inLanguage\":\"it-IT\",\"potentialAction\":[{\"@type\":\"ReadAction\",\"target\":[\"https:\\\/\\\/www.article-marketing.eu\\\/comunicatistampa\\\/chi-siamo\\\/\"]}]},{\"@type\":\"BreadcrumbList\",\"@id\":\"https:\\\/\\\/www.article-marketing.eu\\\/comunicatistampa\\\/chi-siamo\\\/#breadcrumb\",\"itemListElement\":[{\"@type\":\"ListItem\",\"position\":1,\"name\":\"Home\",\"item\":\"https:\\\/\\\/www.article-marketing.eu\\\/comunicatistampa\\\/\"},{\"@type\":\"ListItem\",\"position\":2,\"name\":\"Chi siamo\"}]},{\"@type\":\"WebSite\",\"@id\":\"https:\\\/\\\/www.article-marketing.eu\\\/comunicatistampa\\\/#website\",\"url\":\"https:\\\/\\\/www.article-marketing.eu\\\/comunicatistampa\\\/\",\"name\":\"Article Marketing\",\"description\":\"article marketing &amp; press release\",\"potentialAction\":[{\"@type\":\"SearchAction\",\"target\":{\"@type\":\"EntryPoint\",\"urlTemplate\":\"https:\\\/\\\/www.article-marketing.eu\\\/comunicatistampa\\\/?s={search_term_string}\"},\"query-input\":{\"@type\":\"PropertyValueSpecification\",\"valueRequired\":true,\"valueName\":\"search_term_string\"}}],\"inLanguage\":\"it-IT\"}]}<\/script>\n<!-- \/ Yoast SEO plugin. -->","yoast_head_json":{"title":"Chi siamo - Article Marketing","robots":{"index":"index","follow":"follow","max-snippet":"max-snippet:-1","max-image-preview":"max-image-preview:large","max-video-preview":"max-video-preview:-1"},"canonical":"https:\/\/www.article-marketing.eu\/comunicatistampa\/chi-siamo\/","og_locale":"it_IT","og_type":"article","og_title":"Chi siamo - Article Marketing","og_description":"link UP Europe! \u00e8 una associazione culturale che si occupa di comunicazione etica su \u00a0web e propone vari progetti di informazione e promozione su benessere, medicina alternativa e volontariato. article-marketing.eu\u00a0\u00e8 una piattaforma web per la pubblicazione di comunicati stampa e press release. La registrazione al sito, cos\u00ec come la successiva pubblicazione dei comunicati, \u00e8 gratuita. REGISTRATI SUBITO\u00a0 oppure se sei gi\u00e0 registrato \u00a0LOGGATI QUI Se invece vuoi contattarci puoi scriverciContinue reading...","og_url":"https:\/\/www.article-marketing.eu\/comunicatistampa\/chi-siamo\/","og_site_name":"Article Marketing","article_modified_time":"2020-03-24T12:31:54+00:00","twitter_card":"summary_large_image","schema":{"@context":"https:\/\/schema.org","@graph":[{"@type":"WebPage","@id":"https:\/\/www.article-marketing.eu\/comunicatistampa\/chi-siamo\/","url":"https:\/\/www.article-marketing.eu\/comunicatistampa\/chi-siamo\/","name":"Chi siamo - Article Marketing","isPartOf":{"@id":"https:\/\/www.article-marketing.eu\/comunicatistampa\/#website"},"datePublished":"2016-03-12T15:41:52+00:00","dateModified":"2020-03-24T12:31:54+00:00","breadcrumb":{"@id":"https:\/\/www.article-marketing.eu\/comunicatistampa\/chi-siamo\/#breadcrumb"},"inLanguage":"it-IT","potentialAction":[{"@type":"ReadAction","target":["https:\/\/www.article-marketing.eu\/comunicatistampa\/chi-siamo\/"]}]},{"@type":"BreadcrumbList","@id":"https:\/\/www.article-marketing.eu\/comunicatistampa\/chi-siamo\/#breadcrumb","itemListElement":[{"@type":"ListItem","position":1,"name":"Home","item":"https:\/\/www.article-marketing.eu\/comunicatistampa\/"},{"@type":"ListItem","position":2,"name":"Chi siamo"}]},{"@type":"WebSite","@id":"https:\/\/www.article-marketing.eu\/comunicatistampa\/#website","url":"https:\/\/www.article-marketing.eu\/comunicatistampa\/","name":"Article Marketing","description":"article marketing &amp; press release","potentialAction":[{"@type":"SearchAction","target":{"@type":"EntryPoint","urlTemplate":"https:\/\/www.article-marketing.eu\/comunicatistampa\/?s={search_term_string}"},"query-input":{"@type":"PropertyValueSpecification","valueRequired":true,"valueName":"search_term_string"}}],"inLanguage":"it-IT"}]}},"_links":{"self":[{"href":"https:\/\/www.article-marketing.eu\/comunicatistampa\/wp-json\/wp\/v2\/pages\/74","targetHints":{"allow":["GET"]}}],"collection":[{"href":"https:\/\/www.article-marketing.eu\/comunicatistampa\/wp-json\/wp\/v2\/pages"}],"about":[{"href":"https:\/\/www.article-marketing.eu\/comunicatistampa\/wp-json\/wp\/v2\/types\/page"}],"author":[{"embeddable":true,"href":"https:\/\/www.article-marketing.eu\/comunicatistampa\/wp-json\/wp\/v2\/users\/1"}],"replies":[{"embeddable":true,"href":"https:\/\/www.article-marketing.eu\/comunicatistampa\/wp-json\/wp\/v2\/comments?post=74"}],"version-history":[{"count":12,"href":"https:\/\/www.article-marketing.eu\/comunicatistampa\/wp-json\/wp\/v2\/pages\/74\/revisions"}],"predecessor-version":[{"id":14336,"href":"https:\/\/www.article-marketing.eu\/comunicatistampa\/wp-json\/wp\/v2\/pages\/74\/revisions\/14336"}],"wp:attachment":[{"href":"https:\/\/www.article-marketing.eu\/comunicatistampa\/wp-json\/wp\/v2\/media?parent=74"}],"curies":[{"name":"wp","href":"https:\/\/api.w.org\/{rel}","templated":true}]}}